) = -3*a + 11. Let j be n(-10). Let z = j - 16. What are the prime factors of z?
5
Suppose 2*y = 3*y. Suppose y = -4*v + v - 30. What are the prime factors of (28/6)/(v/(-75))?
5, 7
List the prime factors of -5 + 6 - (4 + -1123 + -2).
2, 3, 11, 17
Let g be 0 + -2 + -4*2 + 4. List the prime factors of 30*(-4 - 32/g).
2, 5
Let l be (41 - 8)/((-2)/(-10)). Suppose n - 66 = -2*t - 0*n, 5*t - l = n. Suppose t = 6*r - 3*r. What are the prime factors of r?
11
Let d(r) = -r**2 + 10*r. Let a(u) = u**3 - 3*u + 5. Let m be a(2). Suppose -b + 2 + m = 0. What are the prime factors of d(b)?
3
Let r(a) = a**3 - 11*a**2 + a + 14. Suppose 0 = -6*l + 4*l + 8. Suppose 5*p + v + 25 - 79 = 0, l*p + v - 43 = 0. What are the prime factors of r(p)?
5
Let i(p) = 4*p**2 + 20*p + 31. Let g be i(-10). Suppose -4*d - 4*o + 834 = d, -16 = 4*o. Suppose 2*j = -2*q + d, 3*q - g = 2*j + 9. List the prime factors of q.
2, 41
Let p be 2/(2/56*-2). Let v = p + 20. What are the prime factors of 2/v - 330/(-40)?
2
Suppose 2*w + 2*w - 4*r = 136, 5*r = w - 26. Let d be (w/7)/(12/42). What are the prime factors of 182/18 - 2/d?
2, 5
Let q = -5871 + 8301. What are the prime factors of q?
2, 3, 5
Let g = -23 - -59. List the prime factors of (-141 - -1)*(-27)/g.
3, 5, 7
Let t(q) = 8*q**3 - 19*q**2 - 3*q - 12. Let o be t(6). List the prime factors of (6/9)/(4/o).
13
Let s = -24 + 27. Suppose 3*w = 2*i - 4 + 27, -s*w = -i - 19. Suppose 140 = w*l + 5*b, 4*b + 98 = -0*l + 3*l. List the prime factors of l.
2, 3, 5
Suppose -5*d = -0*c - 5*c + 15, 2*c = -2*d + 2. Let x(p) = c*p - 2*p + p - 3*p + p**2. List the prime factors of x(-4).
2, 3
Let x = 10 + -5. Suppose x*r - 79 = 116. What are the prime factors of r?
3, 13
Suppose -25 = -0*y + 5*y, -2*y - 292 = -2*r. Suppose -8*s + 3*s - 2*g + 115 = 0, -5*s = -2*g - 115. Suppose r - s = 2*a. List the prime factors of a.
59
Let w be (-30)/(-20)*(-4)/(-3) - 8. List the prime factors of (w/(-12))/((-1)/(-110)).
5, 11
Suppose 5*d - 4*d = 13. Suppose x + d = 52. What are the prime factors of x?
3, 13
Let n = -113 - -546. List the prime factors of n.
433
Suppose 4*t + 413 = 1285. List the prime factors of t.
2, 109
Let r(z) = z**2 + 2*z. Let p be r(-5). Suppose -11*t - 84 = -p*t. Suppose t = v + 2. List the prime factors of v.
19
List the prime factors of (4/6)/(7/((-1015749)/(-46))).
3, 701
Let p(l) = 51*l**3 + l**2 + 6*l + 2. List the prime factors of p(4).
2, 3, 19, 29
Let n = -350 - -733. List the prime factors of n.
383
Suppose 7*p - 3 = 8*p. What are the prime factors of 32 - (-1 - p - 2)?
2
Let j(o) = 12*o**2 + 7*o - 50. What are the prime factors of j(-5)?
5, 43
Let m = -1018 + 1429. What are the prime factors of m?
3, 137
Suppose 5*g - 359 = 1691. What are the prime factors of g?
2, 5, 41
Let m(z) = 6*z + 17. Let u be m(8). Suppose u - 217 = -4*f. List the prime factors of f.
2, 19
Let m(v) = v + 3. Let y be m(-6). Let w be (-65*1)/(-4 - y). Let t = 93 - w. List the prime factors of t.
2, 7
Suppose -b + 14 = r, 4*r - 2*b = 2*b + 40. What are the prime factors of r?
2, 3
Let d = 5 + 14. Let g be 0 - (-2 + 0) - -8. Suppose 0 = 2*n + a - d - 32, -2*a - g = 0. List the prime factors of n.
2, 7
Let j be 4 + (250/(-5) - -3). Let g = j - -61. List the prime factors of g.
2, 3
Suppose -146 + 0 = -2*d. Suppose -d = -2*y + 5. Suppose l - y = -15. List the prime factors of l.
2, 3
Suppose -2*y + 19 = -5*x, -3*x - 9 + 2 = y. Let z be 1*(y + -17 + 2). Let u = z - -36. List the prime factors of u.
23
Let j(h) = -h**3 + 14*h**2 + 14*h + 11. Let v be j(15). What are the prime factors of 1/(v/576*-2)?
2, 3
Let x(v) be the first derivative of v**4/2 - 2*v**3/3 + 2*v**2 - 2*v + 1. Let t be x(2). What are the prime factors of (-18)/4*t/(-21)?
3
Let d be 21/(-35) + 6/10. Let m be (-12)/(-9)*(d - -6). Let g = m - -13. List the prime factors of g.
3, 7
Suppose -1250 = -12*l - 13*l. List the prime factors of l.
2, 5
Let j be (1/2)/(2/108). Let s be j - (0 - -4 - 0). Suppose -2*b = 3*p - 130 + s, 4*p - 162 = -3*b. What are the prime factors of b?
2, 29
Let h = 1625 - 1114. What are the prime factors of h?
7, 73
Let z be (42/8)/((-1)/8). Let f = z - -86. What are the prime factors of f?
2, 11
Suppose -5*z + 2960 = 5*g, -4*g - 113 = -z + 464. List the prime factors of z.
19, 31
Let p be (2/6)/((-1)/(-69)). Let i = -30 - -16. Let l = p + i. What are the prime factors of l?
3
Let z be 15/6 - 1/2. Suppose z*i + 8 = -0*i. What are the prime factors of i/22 + (-402)/(-33)?
2, 3
What are the prime factors of (-2)/(-10)*1 + 7167/15?
2, 239
Let o(f) be the second derivative of f**5/20 - f**4/4 - 3*f**3/2 + 6*f**2 - 9*f. List the prime factors of o(5).
17
Let f = -526 + 981. List the prime factors of f.
5, 7, 13
Let j(y) = -y**2 - 9*y - 13. Let g be j(-6). Suppose g*h = h + 288. What are the prime factors of h?
2, 3
Let x(q) = q**2 - 8*q + 3. Let j be x(8). Suppose 3*m = 4*r + 23, j*r - 7*r = 5*m - 17. Let i = 5 - r. What are the prime factors of i?
7
Suppose v - 3132 = q + 3*v, 4*v = 2*q + 6264. What are the prime factors of q/(-24) - 1/2?
2, 5, 13
Let w = 130 - 74. What are the prime factors of w/20*35/1?
2, 7
Suppose -3*j - 4 = 2*x - 13, -3 = -4*x - 3*j. Let y(m) = m**2 + 3*m + 5. What are the prime factors of y(x)?
5
Let g = -7 - -12. Let j(l) = -4*l**2 + 2*l + 6. Let w be j(g). List the prime factors of (1 + -5)/(6/w).
2, 7
Suppose 60*t = 67*t - 2709. What are the prime factors of t?
3, 43
Suppose 7326 = 3*n + 4*y, -8*y = -5*n - 9*y + 12210. List the prime factors of n.
2, 3, 11, 37
Let d = 13 + -10. Let j be ((-6)/(-5))/(d/15). What are the prime factors of (-4)/j*(-27)/6?
3
Let u(q) = -q**2 - 8*q + 8. Let o be u(-9). What are the prime factors of (-2 - -163) + 3/o?
2, 79
Let k(g) = 3*g**3 - 2*g**2 - 3*g + 7. Let l be k(4). Suppose -4*x - l + 431 = 0. List the prime factors of x.
3, 23
Suppose -5*u + d + 5844 = 0, -5842 = -6*u + u + 3*d. List the prime factors of u.
7, 167
Let x(n) = 9*n**2 + 5*n**2 - 19 - 7*n**2 + 7*n**2 - 5*n - n**3. List the prime factors of x(13).
5, 17
Let g(b) = 3*b - 7. Let r(f) = 4*f - 8. Let w(q) = 4*g(q) - 5*r(q). List the prime factors of w(-8).
2, 19
What are the prime factors of (-205785)/(-117) + 12/78?
1759
Let v(s) = -13*s + 31. What are the prime factors of v(-3)?
2, 5, 7
Let i(j) = -j**2 - 40*j + 12. List the prime factors of i(-17).
13, 31
Let v(b) = -b - 16. Let h be v(-20). What are the prime factors of 107 + ((-16)/h - 0)?
103
Suppose 1729 = 9*b - 1655. List the prime factors of b.
2, 47
Let i(b) = -4*b - 15. Let c be i(-5). Suppose 3*l - c*l + 50 = 0. List the prime factors of l.
5
Suppose -31*y - h + 35 = -27*y, 0 = -y + h + 15. What are the prime factors of y?
2, 5
Suppose -4*h - 56*b + 3195 = -59*b, 5*h - 3991 = b. List the prime factors of h.
2, 3, 7, 19
Let h be (-2 - (-190)/25)/((-1)/15). Let x = 15 - h. List the prime factors of x.
3, 11
Suppose 2960 = 7*t + 9*t. List the prime factors of t.
5, 37
Let u = -13 - -13. Suppose u = 49*x - 47*x - 442. What are the prime factors of x?
13, 17
Let s(k) = -k**3 + 11*k**2 + 13. Let m be s(11). Suppose 4*z - 7 = m. What are the prime factors of z?
5
Suppose 3*f + 2503 - 270 = 5*q, 3*q = f + 1343. List the prime factors of q.
449
Suppose 3*m - 3 = 0, -4*m - 23939 = -5*u - 1728. What are the prime factors of u?
3, 1481
Let o = 212 - 209. What are the prime factors of o?
3
Let q be 33 + (-4)/6*-6. Let h be (0/2)/(1*-2). Suppose -5*g = -h*w - 2*w + q, 4*w = -g + 107. List the prime factors of w.
2, 13
Let b(u) = 65*u**2 - 2*u - 5. List the prime factors of b(3).
2, 7, 41
Let r(c) = 24 + 3*c - 5 + 14*c. List the prime factors of r(7).
2, 3, 23
Suppose -m = 5*z, -3*m - 2*z = -2*m - 6. List the prime factors of 59 + (m - 12) + 6/2.
2, 3, 5
Let l(a) = -13*a + 23*a**2 + 3*a + 9 - 24*a**2. Suppose -3*f = -0*f + 21. List the prime factors of l(f).
2, 3, 5
Let w(c) = -c + 39. List the prime factors of w(0).
3, 13
Let v = 6 - 4. Suppose -s - 5*j = v*s + 20, 4*s + 4*j = -24. Let b(w) = -6*w - 8. List the prime factors of b(s).
2, 11
Suppose -3 = -2*b - b. Let a be ((b - 1)/(-1))/1. Suppose -2*q = -a*q + 6, 28 = u - 2*q. What are the prime factors of u?
2, 11
Let s(w) = -74*w + 25. List the prime factors of s(-9).
691
Suppose 4*z = 6*z + 5*a - 155, 70 = z + 4*a. What are the prime factors of z?
2, 3, 5